 of 5267038?
False
Does 7 divide 16732?
False
Is 7012 a multiple of 25?
False
Does 62 divide 3333492?
True
Does 158 divide 757543?
False
Is 64 a factor of 5231180?
False
Is 3289296 a multiple of 87?
True
Is 227840 a multiple of 16?
True
Does 4 divide 45361?
False
Is 353227 a multiple of 101?
False
Does 169 divide 33487?
False
Does 988 divide 4621864?
True
Is 516885 a multiple of 29?
False
Does 195 divide 5294380?
False
Does 30 divide 18870?
True
Does 121 divide 149556?
True
Is 22 a factor of 2592112?
False
Is 1699964 a multiple of 218?
True
Is 3322872 a multiple of 1388?
True
Is 104 a factor of 2414464?
True
Is 339840 a multiple of 180?
True
Does 133 divide 299940?
False
Is 79656 a multiple of 24?
True
Is 1749170 a multiple of 713?
False
Is 21028 a multiple of 52?
False
Is 206 a factor of 407880?
True
Is 2919720 a multiple of 58?
True
Is 104 a factor of 293488?
True
Is 213376 a multiple of 15?
False
Is 8 a factor of 7886784?
True
Is 109077 a multiple of 38?
False
Is 8 a factor of 579056?
True
Does 18 divide 1438080?
False
Is 181 a factor of 575399?
True
Does 74 divide 264180?
True
Is 81 a factor of 117612?
True
Does 252 divide 1461096?
True
Does 76 divide 291080?
True
Does 39 divide 1153460?
False
Is 2844859 a multiple of 18?
False
Is 445239 a multiple of 238?
False
Is 296408 a multiple of 258?
False
Is 2178556 a multiple of 210?
False
Does 24 divide 3869856?
True
Does 31 divide 4670739?
True
Does 12 divide 1378026?
False
Is 7 a factor of 23909?
False
Is 215 a factor of 438815?
True
Does 102 divide 625452?
False
Is 42 a factor of 2562169?
False
Does 836 divide 2926836?
True
Is 123 a factor of 335601?
False
Is 205345 a multiple of 137?
False
Does 64 divide 79232?
True
Is 51 a factor of 111324?
False
Does 243 divide 892675?
False
Does 60 divide 13683684?
False
Is 52280 a multiple of 34?
False
Is 4 a factor of 23891?
False
Is 14 a factor of 3557973?
False
Is 53 a factor of 18879126?
False
Is 1292171 a multiple of 13?
False
Does 89 divide 354579?
False
Is 566476 a multiple of 646?
False
Does 43 divide 12092718?
True
Is 40 a factor of 10636680?
True
Does 504 divide 5041923?
False
Is 19 a factor of 942107?
False
Is 15100560 a multiple of 380?
False
Does 1511 divide 5919788?
False
Is 18136 a multiple of 89?
False
Does 113 divide 94694?
True
Is 10544262 a multiple of 269?
True
Is 9 a factor of 360949?
False
Is 307 a factor of 374190?
False
Does 7 divide 39615?
False
Is 947790 a multiple of 90?
True
Does 409 divide 21942850?
True
Does 5 divide 1319322?
False
Is 1620381 a multiple of 453?
True
Does 88 divide 198927?
False
Is 40832 a multiple of 7?
False
Is 123 a factor of 1064688?
True
Does 16 divide 1627808?
True
Is 104694 a multiple of 7?
False
Does 120 divide 28578000?
True
Is 2283600 a multiple of 10?
True
Is 9 a factor of 157968?
True
Is 84 a factor of 115992?
False
Is 10 a factor of 41740?
True
Is 26 a factor of 375467?
False
Is 176088 a multiple of 506?
True
Does 366 divide 359023?
False
Is 11 a factor of 114774?
True
Is 295 a factor of 207856?
False
Is 549497 a multiple of 255?
False
Does 7 divide 73271?
False
Is 7061418 a multiple of 91?
True
Is 434 a factor of 321149?
False
Is 826459 a multiple of 9?
False
Is 16721306 a multiple of 27?
False
Is 7231 a multiple of 16?
False
Is 109 a factor of 396098?
False
Is 9930400 a multiple of 400?
True
Is 32 a factor of 161504?
True
Is 36 a factor of 6609312?
True
Is 187632 a multiple of 48?
True
Is 348156 a multiple of 6?
True
Is 4917145 a multiple of 8?
False
Is 270483 a multiple of 87?
True
Is 205 a factor of 781870?
True
Is 42999 a multiple of 8?
False
Is 1457508 a multiple of 39?
True
Is 31 a factor of 345595?
False
Does 482 divide 774092?
True
Does 50 divide 156900?
True
Does 54 divide 1240472?
False
Is 725023 a multiple of 15?
False
Does 50 divide 111850?
True
Is 8 a factor of 760624?
True
Is 1432116 a multiple of 14?
True
Does 14 divide 42028?
True
Does 52 divide 631696?
True
Does 97 divide 21799931?
False
Does 8 divide 1537688?
True
Is 168905 a multiple of 37?
True
Is 16 a factor of 3829885?
False
Is 1896360 a multiple of 40?
True
Is 474 a factor of 985730?
False
Is 478 a factor of 249516?
True
Is 1543334 a multiple of 16?
False
Is 11 a factor of 149643?
False
Is 67 a factor of 1044195?
True
Does 47 divide 10870865?
True
Does 10 divide 724982?
False
Is 391 a factor of 582308?
False
Does 55 divide 2892285?
True
Is 75 a factor of 76163?
False
Is 71 a factor of 154696?
False
Is 57 a factor of 98496?
True
Is 42 a factor of 203322?
True
Is 4389 a multiple of 19?
True
Is 746502 a multiple of 249?
True
Is 5437668 a multiple of 111?
True
Is 438 a factor of 18396?
True
Does 123 divide 5408155?
False
Is 19695 a multiple of 3?
True
Does 40 divide 50672?
False
Is 25 a factor of 260425?
True
Is 9437309 a multiple of 7?
True
Is 9 a factor of 263201?
False
Is 417536 a multiple of 112?
True
Is 41247 a multiple of 3?
True
Is 213697 a multiple of 10?
False
Does 84 divide 465948?
True
Is 775156 a multiple of 4?
True
Does 8 divide 159923?
False
Is 14889 a multiple of 63?
False
Does 193 divide 114961?
False
Does 37 divide 97051?
True
Is 31 a factor of 161004?
False
Does 22 divide 52899?
False
Does 47 divide 93158?
False
Is 689488 a multiple of 307?
False
Is 100 a factor of 371500?
True
Does 121 divide 527560?
True
Is 9 a factor of 52155?
True
Is 10 a factor of 322692?
False
Is 11535039 a multiple of 15?
False
Does 16 divide 80368?
True
Does 135 divide 2078730?
True
Is 13615932 a multiple of 732?
True
Does 37 divide 191919?
True
Does 3 divide 21918?
True
Is 10573607 a multiple of 11?
True
Does 37 divide 5039526?
False
Is 253 a factor of 490065?
False
Is 75 a factor of 1011450?
True
Does 172 divide 840803?
False
Is 30 a factor of 39090?
True
Is 10 a factor of 16154220?
True
Does 44 divide 4510536?
False
Does 58 divide 578454?
False
Does 465 divide 295838?
False
Is 96 a factor of 171900?
False
Does 55 divide 33260989?
False
Does 4 divide 86392?
True
Is 2051617 a multiple of 231?
False
Is 3714984 a multiple of 52?
True
Is 76255 a multiple of 151?
True
Is 15 a factor of 4072039?
False
Does 273 divide 111711?
False
Is 89 a factor of 71645?
True
Does 15 divide 358226?
False
Is 1619183 a multiple of 18?
False
Is 1906 a factor of 11485556?
True
Is 25 a factor of 24131?
False
Does 5 divide 822875?
True
Does 130 divide 14983410?
True
Is 113 a factor of 110401?
True
Is 301796 a multiple of 22?
True
Does 31 divide 3960002?
True
Is 648 a factor of 2259423?
False
Does 243 divide 34506?
True
Does 29 divide 102399?
True
Is 30 a factor of 6131670?
True
Is 77605 a multiple of 55?
True
Does 187 divide 1883?
False
Does 20 divide 157960?
True
Is 272304 a multiple of 7?
False
Is 46 a factor of 161464?
False
Is 6581059 a multiple of 101?
True
Is 123 a factor of 110441?
False
Is 229786 a multiple of 19?
True
Does 57 divide 393886?
False
Is 94 a factor of 315801?
False
Is 1214819 a multiple of 342?
False
Does 45 divide 1941975?
True
Is 496267 a multiple of 257?
True
Does 47 divide 271016?
False
Is 487228 a multiple of 4?
True
Does 22 divide 14625?
False
Does 19 divide 555408?
True
Is 7720654 a multiple of 833?
False
Does 9 divide 138195?
True
Does 11 divide 600271?
False
Does 48 divide 5578704?
True
Does 83 divide 1749600?
False
Is 459229 a multiple of 67?
False
Is 39330 a multiple of 11?
False
Does 329 divide 60865?
True
Does 2 divide 915376?
True
Is 5 a factor of 686585?
True
Is 1121445 a multiple of 15?
True
Is 6 a factor of 86706?
True
Is 6 a factor of 1073312?
False
Is 212 a factor of 5554668?
False
Does 20 divide 652140?
True
Does 243 divide 164511?
True
Does 75 divide 624811?
False
Is 180 a factor of 3229920?
True
Is 6 a factor of 337334?
False
Is 28 a factor of 1022728?
True
Does 377 divide 680862?
True
Is 156350 a multiple of 118?
True
Is 204 a factor of 254192?
False
Does 29 divide 1463699?
False
Does 50 divide 57800?
True
Is 56500 a multiple of 25?
True
Is 384653 a multiple of 31?
False
Does 156 divide 412620?
True
Does 11 divide 115907?
True
Does 963 divide 1553319?
True
Is 2855817 a multiple of 27?
True
Is 417499 a multiple of 3?
False
Is 4157 a multiple of 5?
False
Is 56038 a multiple of 43?
False
Is 844434 a multiple of 9?
True
Is 110210 a multiple of 214?
True
Is 7191234 a multiple of 13?
False
Is 960108 a multiple of 76?
